mainder when 27 is divided by h(0).
6
Suppose 3*t = -t. Calculate the remainder when 35 is divided by 1/(3/54) + t.
17
Let j(g) = g + 21. What is the remainder when 59 is divided by j(-5)?
11
Let y(v) = v**2 + 2*v - 5. Let f be y(-4). Suppose -22 - 8 = -f*r. Let c = r - -3. What is the remainder when c is divided by 5?
3
Let d(q) = -q**2 - 7*q - 2. Let y be d(-6). Suppose y + 6 = 5*f. Suppose 0 = f*v - 0*v - 94. What is the remainder when v is divided by 16?
15
Suppose -16 - 12 = 4*a. Let o(r) = -r**3 - 8*r**2 - 7*r + 2. Calculate the remainder when 4 is divided by o(a).
0
Suppose -5*n - 280 = -n. Let d = n + 101. Calculate the remainder when d is divided by 16.
15
Let k(y) = -y**2 - y - 30. Let a be k(0). Let p = 45 + a. Suppose -5*x - 83 = -2*i, 2*i - 4*x = 7*i - 224. What is the remainder when i is divided by p?
14
Suppose 3*d - 126 = -3*d. Calculate the remainder when d is divided by 11.
10
Let x(j) = j**2 + 3*j + 4. Let n be x(-4). Suppose 0*r - 2*r + n = 0. Suppose -r = -4*p + 40. Calculate the remainder when 30 is divided by p.
8
Suppose 2*d + 3*m = 51, -3*m + 30 = d - 6*m. Calculate the remainder when d is divided by 6.
3
Let c = -21 + 39. Let n(a) = a**2 + 4*a + 5. Let o be n(-5). Suppose 35 = 4*h + y, -3*h + 30 = 2*y + o. Calculate the remainder when c is divided by h.
8
Let l(b) = -b**3 + 2*b**2 - 1. Let m be l(1). Suppose -4*c = -x - 7, 2*x - 2*c + 4 - 2 = m. Calculate the remainder when 51 is divided by x/(-5) + 132/10.
12
Suppose 0 = x - 13 + 3. Let c(d) = d + 1. What is the remainder when x is divided by c(3)?
2
Let g(o) = -6*o - o**2 + 5*o + 3 - 1. Let n = -5 + 7. What is the remainder when g(0) is divided by n?
0
Suppose 0 = 2*c + y + 8, -c = -6*c + y - 34. Let j be (-172)/6 - (-6)/9. Calculate the remainder when 27 is divided by c/(-2)*j/(-6).
13
Suppose -g = 2*g + 9, 5*p - 5*g = 65. Let v = 20 - p. Suppose -a = a - 58. What is the remainder when a is divided by v?
9
Suppose 0 = -4*n, 4*r = 5*n - 0*n + 24. Calculate the remainder when r is divided by 2.
0
Calculate the remainder when (-4)/16 + (-505)/(-20) is divided by 9.
7
Let m(n) = -4*n - 9. Let w be m(-6). Suppose -w = -c + 11. Suppose 13*l = 17*l - 56. What is the remainder when c is divided by l?
12
Let l = 8 - -16. Suppose 5*f = -5, 2*d - l - 4 = -4*f. Calculate the remainder when 63 is divided by d.
15
Let q = 7 + 40. Let w = q - 28. Calculate the remainder when w is divided by 7.
5
Suppose -4*z + 31 - 4 = -3*u, 5*z - 3*u - 30 = 0. Suppose 10 = -2*g + z*g. What is the remainder when g is divided by ((-2)/4)/((-1)/12)?
4
Suppose 0 = r + 3*r - 84. Suppose 5*p - 30 = 5*k, p = -2*p - 3*k + 48. Calculate the remainder when r is divided by p.
10
Let o(a) = -a**2 - 7*a + 12. Let c be o(-9). What is the remainder when 14 is divided by (-4)/c + (-20)/(-6)?
2
Suppose 3*v = -19 + 4. Let k(n) = n**2 - 5. Let q = 286 + -248. What is the remainder when q is divided by k(v)?
18
Let y be (-32)/(-10) + (-5)/25. Calculate the remainder when 15 is divided by y + (-3 - -1 - -3).
3
Suppose 6*i - 3*i - 2*d - 3 = 0, 0 = -4*i + 4*d. Calculate the remainder when 43/5 + (-2)/(-5) is divided by i.
0
Suppose 2*d = -w + 8, d + 4 = -4*w + 5*d. Let y = 0 + w. What is the remainder when (-4)/y - (-30 + 5) is divided by 6?
5
Suppose 3*a + 12 = 39. What is the remainder when a is divided by 4?
1
Suppose 3*z - 2 = 4. Let b be 9/7 + 4/(-14). Suppose 0 = 4*n + b - 5. What is the remainder when z is divided by n?
0
Suppose -4*b = 3*l - 0*l - 82, 78 = 4*b + l. Calculate the remainder when 56 is divided by b.
18
Let o = 9 - 4. Let p be 0 + (1 + -2 - 1). Let m = 1 - p. What is the remainder when o is divided by m?
2
Suppose -89 = -4*m - n, 5*m - 62 - 41 = -4*n. Suppose 134 = -4*q + 494. Calculate the remainder when q is divided by m.
21
Suppose -l = -3*l + 74. Suppose 7 = 2*r - 13. What is the remainder when l is divided by r?
7
Let f(d) = 0 + 1 - 4 - 24*d. Let b be f(-2). Let l = b + -31. Calculate the remainder when l is divided by 5.
4
Suppose -4*w = -23 - 249. Calculate the remainder when w is divided by 23.
22
Let r(i) = -i**2 - 12*i - 10. Suppose -2*p = 3*p + 40. What is the remainder when r(p) is divided by 8?
6
Suppose -6 = t - 0. Let o(f) = -f**2 - 6*f + 4. Suppose -5*n - b = -57, n + 2*b + b - 17 = 0. Calculate the remainder when n is divided by o(t).
3
Suppose 2*g = 4*p + g - 56, -12 = -3*g. Let m(k) = k**2 + 6*k + 1. Let a be m(-5). What is the remainder when ((-116)/10)/(a/10) is divided by p?
14
Let l be (-6)/((4 + 0)/(-2)). Suppose 1 + l = v. Suppose 2*x = 4, 3*i + v*x - 17 = -0. What is the remainder when 5 is divided by i?
2
What is the remainder when 18/30 + (-47)/(-5) is divided by 4?
2
Let h = -222 - -275. Let c = 9 - -9. What is the remainder when h is divided by c?
17
Let v(m) = -10*m - 1. Calculate the remainder when v(-2) is divided by 10.
9
Let b(x) = x**2 + 3*x + 3. Suppose 5*z = -4*v + v + 311, -3*z - 3*v = -189. Calculate the remainder when z is divided by b(3).
19
Let l = -821 + 856. Suppose 19 = -3*i - 8. Let s = i - -21. Calculate the remainder when l is divided by s.
11
Let u(h) = -h + 6. Suppose 9 = -2*d - 3. Calculate the remainder when 35 is divided by u(d).
11
Calculate the remainder when 45/6 + (-6)/(-4) is divided by 6.
3
Suppose -c + 14 = -97. Calculate the remainder when c is divided by 39.
33
Let a(f) = 8*f**3 - f - 3*f**2 + 11*f**3 - 23*f**3 + 5*f**3 + 6. Calculate the remainder when 4 is divided by a(3).
1
Calculate the remainder when (-2)/((-2)/59) - -2 is divided by (30/(-5) + 3)*(-8 - -1).
19
Let s(j) = -9*j - 2. Let g(o) = 5*o + 4 - o - 6. Calculate the remainder when s(-2) is divided by g(2).
4
Let a be ((-2)/3)/((-6)/(-153)). Let u = a + -8. Let q = u - -44. What is the remainder when 37 is divided by q?
18
Suppose 4*q + 4 = 0, 0 = -4*p + 2*q + 24 + 2. Suppose 3*o = -0*o + 6. What is the remainder when p is divided by o?
0
Suppose -3*p + 6 = 2*o, -o = 2*p - p - 4. Calculate the remainder when 16 is divided by o.
4
Suppose -4*h + 2*u = -102, -44 = -h + 5*u - 5. Let f(x) = -x**3 + 8*x**2 - x + 23. What is the remainder when f(5) is divided by h?
21
Suppose -7*j + 19 = -79. What is the remainder when j is divided by 4?
2
Suppose 2 - 10 = -2*d. Suppose -4*c - 16 = -d. Calculate the remainder when (3/2)/c*-18 is divided by 5.
4
What is the remainder when (-2)/1*((-118)/4 + -1) is divided by (-1)/(-1) + 0 + 20?
19
Let x(z) = 6*z - 13. Calculate the remainder when x(7) is divided by 18.
11
Let s(m) = -m**2 - 10*m + 14. Let f be s(-10). Suppose -d + f = 3*c, -5*d + 15 = -4*c - 36. Calculate the remainder when 30 is divided by d.
8
Suppose 1 - 19 = -3*b. Calculate the remainder when 14 is divided by b.
2
Suppose 0*i + i - 69 = 0. What is the remainder when i is divided by 27?
15
Suppose -3*y = -217 - 323. Suppose -5*o - 2*x + y = -7*x, 4*o - 2*x = 148. Calculate the remainder when o is divided by 20.
18
What is the remainder when 2/8 - 2/(56/(-2037)) is divided by 26?
21
Suppose 9*d = 5*d + 60. Calculate the remainder when 26 is divided by d.
11
Let x(l) = -8*l - 5. Calculate the remainder when x(-8) is divided by 31.
28
Let a(x) be the first derivative of 8/3*x**3 - 4 + 0*x + 1/2*x**2. What is the remainder when a(-2) is divided by 16?
14
Suppose -r + 4*o = -5, r + 5*o = 2*r - 6. Let m = -5 + 7. What is the remainder when m is divided by r?
0
Let y(b) = 10*b**2 + 4*b - 3. Let x be y(3). Let q = 142 - x. Let c = 9 + 6. What is the remainder when q is divided by c?
13
Let l = -76 + 93. Calculate the remainder when 49 is divided by l.
15
Suppose -89 = -17*m + 217. Calculate the remainder when 31 is divided by m.
13
Suppose 2*w - 4*z - 38 = 0, w + z = 3*w - 38. Suppose 0*d - 14 = -2*d. What is the remainder when w is divided by d?
5
Calculate the remainder when 9*(0 + -8)/((-3)/2) is divided by 17.
14
Let m be 0 - -1*6/3. Suppose -5*s + 85 = -a, 0 = -5*s - m*a + 5*a + 75. Calculate the remainder when 34 is divided by s.
16
Suppose 3*o - o + 5 = r, r + 2*o = 9. Calculate the remainder when 53 is divided by r.
4
Suppose -13*z + 14 = -220. What is the remainder when 22 is divided by z?
4
Suppose 11 = 3*j + l - 18, -5*j = -2*l - 52. Let b = -1 - -6. Suppose b*y - 106 = 39. Calculate the remainder when y is divided by j.
9
Suppose 2*a - 5 = -3*t, 3*t - 19 = a + 4*a. What